ns digit of j?
9
Let r be (9 + (-132682)/33)/((-2)/6). Suppose -2639 = 18*v - r. What is the units digit of v?
2
Let m(r) = -r**3 + 29*r**2 + 20*r + 82. Let c be m(28). Suppose 5*a - c = 1859. What is the units digit of a?
7
Let h(t) = t**2 - 1096*t + 38. What is the ten thousands digit of h(-42)?
4
Let y(j) = -2*j**3 - 7*j**2 + 13*j + 14. Let m be y(-8). Suppose -98*f = -92*f - m. What is the units digit of f?
1
Suppose -708*w + 478030 - 79888 = -681*w. What is the thousands digit of w?
4
Suppose 137 = l - 671. Let v = 1277 - l. What is the hundreds digit of v?
4
Suppose -h + 6 = 1. Suppose 24*m + 50 = 34*m. Suppose p - m*a = 161, a - 157 = -p + h*a. What is the units digit of p?
1
Suppose -18464 = -76*u + 72*u. Suppose -45*q + 41*q + u = 0. What is the tens digit of q?
5
Suppose -5*b + 14392 = 29*k - 27*k, -5*k = -5*b - 36120. What is the hundreds digit of k?
2
Let g = -728 + 2191. What is the tens digit of g?
6
Let k = 511 - 339. Suppose 0 = 3*d - k + 154. What is the units digit of 495/d + ((-4)/8)/(-1)?
3
Suppose i - 3664 = -2*v + 4530, 2*i - 12288 = -3*v. What is the tens digit of v?
0
Suppose -9*t + 197996 = -113755. What is the ten thousands digit of t?
3
Suppose j - 9 = -3*y, -2*y - 4 = -8. Let i(p) = 5*p**3 + 2*p**2 - 4*p - 1. Let t be i(j). Suppose 0*b - t = -7*b. What is the units digit of b?
0
Let z = -1140 + 1831. What is the units digit of z?
1
Suppose -5*r + 4*f - 15 = -f, -r - f - 7 = 0. Let q(h) = 19*h + 10. Let c(p) = -8*p. Let v(s) = -c(s) - q(s). What is the tens digit of v(r)?
4
Suppose -2*y = -4*u + 52, u + 2*y = 2*u - 10. Suppose -u - 36 = -10*i. Suppose -i*w = -7*w + 242. What is the tens digit of w?
2
Suppose 0 = i + 5*g - 17312, -i + 10*g + 17322 = 5*g. What is the ten thousands digit of i?
1
Suppose 0 = 15826*a - 15855*a + 244789. What is the hundreds digit of a?
4
Suppose 0 = -4*a + 4*x + 40, 0 = -3*a + 6*a + x - 18. Let h(g) = 2*g + 38. Let n be h(a). Let z = 64 - n. What is the units digit of z?
2
Let z(y) = -2*y**2 + 12*y - 12. Let a(b) = 3*b**2 - 12*b + 13. Let q(n) = 3*a(n) + 4*z(n). Let g be q(-6). What is the units digit of ((-1122)/(-15))/((-18)/g)?
7
Let g(y) = 7*y**2 + 223*y - 592. What is the ten thousands digit of g(40)?
1
Suppose -56*d - 16920 = -80*d. Let j = 1206 - d. What is the hundreds digit of j?
5
Let j = -4543 + 5847. What is the hundreds digit of j?
3
Let l be 0 + -7*(-6)/14. Suppose l*m - 3335 = m + 3*u, -3*u + 5025 = 3*m. What is the tens digit of m?
7
Let k = 39 + 36. Suppose -k*p = -77*p + 546. What is the hundreds digit of p?
2
Let m(i) = -2*i**2 + 58*i + 62. Let c be m(30). Suppose -2314 = -5*w + 4*y, w + c*y - 769 = -309. What is the tens digit of w?
6
Suppose 3*i - 3*a = -897, 2*i + 0*i - 3*a = -598. What is the hundreds digit of (-2 - -3)*i*(12 + -13)?
2
Let n(a) be the third derivative of -157*a**4/6 - 4*a**3 + 62*a**2. What is the thousands digit of n(-2)?
1
Suppose 32313 = 3*w + 10110. What is the tens digit of w?
0
Suppose 0 = -11*h + 886 + 2205. Let l = 6 + h. What is the hundreds digit of l?
2
Let q(f) = 16*f**2 + 8*f + 13. Let u be q(8). Let z = u - 616. Suppose -440 - z = -5*b - 5*v, -2*v = 3*b - 551. What is the hundreds digit of b?
1
Suppose -3*l + 183 = 3*b, 3*l - 2*b - 190 = 2*b. Suppose -l = -5*d + o, -o = 2*d - 5*d + 36. What is the units digit of 6*2/4 + d?
6
Let x = 3167 + 15875. What is the hundreds digit of x?
0
Suppose -10*v = -9*v - 11. Let b = v + -6. Suppose -d = -4*y + 209, 6*y + 2*d - 41 = b*y. What is the tens digit of y?
5
Suppose -13*a = -185627 - 69017. What is the hundreds digit of a?
5
Let c be 1 + 1 + (-323)/(-1). Let d = -1143 + 1169. Suppose z - 4*l - d = 54, 5*l - c = -5*z. What is the units digit of z?
8
Suppose 5*f + 6208 = 3*l, -l - 7*f + 2064 = -6*f. Suppose -4*i + 5*z + 4135 = 0, -l = -3*i + i + 2*z. What is the hundreds digit of i?
0
Let h = 597 + 903. What is the tens digit of h?
0
Suppose 38*m - 130503 = 61435. What is the hundreds digit of m?
0
Suppose -109 = -17*l + 10. What is the hundreds digit of 1246/l - (-5 + 5)?
1
Let r(k) = -k**3 + 39*k**2 + 421. What is the units digit of r(37)?
9
Suppose -6*n + 14*n - 24 = 0. Suppose -n*h + 14*h - 33 = 0. Suppose q - 80 = 3*b, 0*b + h*b = 3. What is the units digit of q?
3
Let n(o) = -o**2 - 3*o + 6. Let m be n(6). Let f = m - -45. What is the units digit of 2/f - 1676/(-12)?
9
Suppose -5*v = 4*q - 110315 - 76298, 0 = 2*v - q - 74627. What is the ten thousands digit of v?
3
Suppose 4*y = -3*i + 42821, -2*y + 11395 + 10033 = -2*i. What is the hundreds digit of y?
7
Let j(z) = 21*z - 17*z - 18 + 38. What is the units digit of j(5)?
0
Let l(q) = -28*q + 18. Let u be l(6). Let o = -153 - u. What is the tens digit of ((-1648)/(-12))/((-2)/o)?
0
Let r(s) = -s**2 - 5*s + 18. Let v be r(3). Let b(m) = m + 11 - 5 - 25*m - 5*m. What is the hundreds digit of b(v)?
1
Let u = -5245 - -10438. What is the thousands digit of u?
5
Suppose -s = 4*w - 66367, -2246*s + 33166 = 2*w - 2242*s. What is the tens digit of w?
9
Let t = -2146 + 8027. What is the tens digit of t?
8
Suppose -5*s - 4*d = -9*s + 568, 2*s + 5*d - 319 = 0. Let o = -209 - -130. Let b = s + o. What is the units digit of b?
8
Let s = 1109 - 299. What is the units digit of s?
0
Let s(n) = -46*n - 3. Let d be s(-3). Suppose -4*g - x + 468 = 0, -290 = -3*g + 5*x + 84. Suppose -g = -w + d. What is the tens digit of w?
5
Let n be 262/14 - (-3 - 38/(-14)). Suppose n = -7*o + 159. What is the units digit of o?
0
Suppose 2*m - 11*y = 2228, 3*y - 4470 - 1039 = -5*m. What is the units digit of m?
3
Let o(j) = -4*j**3 + 3*j**2 - 13*j - 9. Let h be o(6). Let k = h - -1602. What is the tens digit of k?
5
Suppose 830024 + 1219348 = 81*r + 36*r. What is the thousands digit of r?
7
Let b = 371 - 327. Suppose -7*z + 4*z + b = l, -2*z = -4*l + 246. What is the tens digit of l?
5
Let l(m) = -m**3 + 6*m**2 + 4*m + 26. Let x be l(7). Suppose -4*s + 1467 = x*i, 0 = -s - 5*i + 169 + 194. What is the tens digit of s?
6
Let w be 2/3 + 283/3. Let b be (15/9)/(1/3). Suppose -b*d + 140 = -w. What is the tens digit of d?
4
Suppose 2*s - 2507 - 542 = -y, -3*s + 4556 = -2*y. Suppose 0 = -7*k + 1502 + s. What is the tens digit of k?
3
Suppose i - 5*v - 443 + 34 = 0, i - 3*v - 411 = 0. What is the tens digit of i?
1
Suppose m + 18 = 4*v, -3*v + 0*v + 12 = 0. Let k be 6/1 + (m - -1). Suppose -k*f + 540 = f. What is the tens digit of f?
9
Let f = 5145 + 1390. What is the thousands digit of f?
6
Let f be (6 + -11)/(3 + 1003/(-334)). Suppose -2*s = 2*q - 1698, 2*q - 5*s - f = -0*s. What is the hundreds digit of q?
8
Suppose -1438*n + 224928 = -1414*n. What is the tens digit of n?
7
Let f(h) = -h**3 - 2*h**2 - 9*h - 8. Let t be f(-6). Let v = t - 100. Suppose y - 105 = -5*z, y - v = -4*z - y. What is the units digit of z?
0
Let p = 5076 + 5681. What is the units digit of p?
7
Let x(c) = -3*c**3 + 5*c**2 - 3*c + 1. Let y be x(1). Suppose -a + 3*m = -12, 3*m + 12 = 3*a - 0*m. Suppose y*i - 3*i + 36 = a. What is the tens digit of i?
1
Let v(p) = p**3 - 21*p**2 - 22*p + 3. Let i be v(22). Suppose -i*n = 3*n - 1218. Suppose 21 + n = 4*l. What is the units digit of l?
6
Let m(u) = 5*u**2 + u. Let h be m(-1). Suppose -5*c - 16 = h. What is the units digit of -2 - ((-2)/c)/(5/(-670))?
5
Suppose 82*s - 2209245 = -25*s + 373521. What is the tens digit of s?
3
Let k(a) = -a**3 - a**2 - 4*a + 11. Let v be k(0). Suppose 6316 = v*x - 3287. What is the units digit of x?
3
Let s = -4472 - -6695. Suppose 4*n - 6124 = -2*b, 3*n + 3*b - 2367 = s. What is the thousands digit of n?
1
Let c(w) = w**3 + 4*w**2 + 8. Let p be c(-4). Suppose -8*s = p - 0. Let b(h) = -142*h**3 + 2*h + 1. What is the hundreds digit of b(s)?
1
Suppose 5*h - 24 = -h. Suppose 2*z = h*c - 12, -5*c - z = -6*z - 20. What is the units digit of c/2*(-2 + 4)?
2
Suppose -15*t + 35964 = -25746. What is the units digit of t?
4
Suppose h + 9 = -3*t, -2*t = -3*h - 0*t + 6. Suppose h = -315*k + 309*k + 5040. What is the units digit of k?
0
Let f(o) be the second derivative of o**5/20 + 2*o**4 + 2*o**3/3 - 25*o**2/2 + 70*o + 1. What is the tens digit of f(-22)?
5
Let h(j) = 20*j**2 + 3*j + 2. Let p = 10 + 14. Let g = -25 + p. What is the units digit of h(g)?
9
Suppose -5*f - 295 = 5*a, 28*f - 27*f + 50 = -4*a. Let p be (-83)/(-1) - -2 - -1. Let